*y + 17. Let m be a(9). Let u = m - 5. What is the units digit of u?
6
Let d be 11/((-22)/8) - (-8130)/5. Suppose o - 1024 = -4*k, 2*k + 6786 - d = 5*o. What is the tens digit of o?
3
Suppose -6 = -5*g + 39. Suppose -4*j = -5*d - 13, 3*d + 10 = 4*j - g. Let z = j - -22. What is the tens digit of z?
2
Suppose -81*v - 80*v = -170*v + 2754. What is the units digit of v?
6
Suppose 0 = 49*z + 30*z - 3308757. What is the hundreds digit of z?
8
Suppose -30*z = -31*z + 9. Suppose -z*n + 7789 + 1904 = 0. What is the hundreds digit of n?
0
Suppose -4*o + 235 = o - 5*w, w = -4*o + 198. Let p = -39 + o. What is the hundreds digit of 8/p*5 - (-139 - 2)?
1
Suppose -63*p - 220487 = -92*p. What is the tens digit of p?
0
Let t(d) = d**3 + 5*d**2 - d + 6. Let n be t(-3). Let p(s) = -s**2 + 28*s - 31. Let y be p(n). What is the hundreds digit of 1/y + (-8853)/(-52)?
1
Let c(a) = -a**3 + 4*a**2 + 8*a - 11. Let b be c(5). Let q be (120/(-42) - -2)/(b/(-14)). What is the units digit of (94 - -22)*q/4?
7
Let x be 7/63*-3*-9. Suppose 0 = x*a + 4*n - 1253, 5 - 11 = -3*n. What is the hundreds digit of a?
4
Let j be (-71 + (5 - 7))/1. Let i be ((-2)/5)/(5/(-275)). Let f = i - j. What is the tens digit of f?
9
Let v(i) = -137*i**3 - 2*i**2 + i + 2. Let s be v(-1). Suppose j - s = -123. Suppose 3*b + 1220 = j*b. What is the tens digit of b?
2
What is the ten thousands digit of (-4)/14 + (-5160168)/(-364)?
1
Suppose 0 = 5*j - 5*a - 115070, a = -19*j + 24*j - 115050. What is the units digit of j?
9
Let q(f) = 54*f**2 - 34*f + 459. What is the tens digit of q(19)?
0
What is the units digit of 13 - (-1670)/(-130) - 170296/(-26)?
0
Let k = 58953 - 19080. What is the ten thousands digit of k?
3
Suppose 5 = -2*d + 23. Suppose 2*h + 21 = 3*m - 2*h, h - d = -4*m. Suppose r - 4 = 0, 2*i - m*r - 406 = -8*r. What is the tens digit of i?
9
Suppose 48*m + 1166801 - 2338333 = 1803700. What is the units digit of m?
4
Let r(b) = -7*b + 25. Let h(q) = 19*q**3 + 2*q - 1. Let v be h(1). Let l be (-6)/(-15) - -74*(-2)/v. What is the units digit of r(l)?
4
Let x(j) = -11791*j + 446. What is the hundreds digit of x(-2)?
0
Let k(r) = -206*r + 71. Let h(p) = 103*p - 34. Let q(y) = 9*h(y) + 4*k(y). What is the tens digit of q(7)?
9
Let t be (-14)/(-6) + 2 + (-20)/(-30). Suppose 2920 = 5*y - t*x, 3*y = -x - 230 + 1966. What is the tens digit of ((-4)/(-8))/(5/y)?
5
Suppose 0*h - 3*h + 48 = 0. Suppose -230*a = -235*a + 20. What is the units digit of 6/a + 584/h?
8
Suppose -2*a = 5*m + 45, 3*m + 16 = 184*a - 183*a. Let h = -21 - -71. Let o = h - m. What is the tens digit of o?
5
Suppose 12*a = 1709 + 4363. What is the units digit of a*(10/15 - 1/(-3))?
6
Let s be 4/3 + (-21)/63. Let k be (-2)/2 + -3 + 70. Suppose i - s - k = 0. What is the units digit of i?
7
Suppose -5*l + 19 = 2*t, -4*t - 21 + 4 = -l. Let z = 17 - l. What is the units digit of 1017/z + 2/8?
5
Let u be -10 - -402 - (2 + -6). What is the thousands digit of (330/(-4))/((-27)/u)?
1
Suppose -l - 108 = 95. Let n = 267 + l. What is the units digit of n?
4
Let z(y) = 26*y**3 + 4*y**2 - 13*y + 2. Let s be ((-1)/(-2))/((171/(-54))/(-19)). What is the tens digit of z(s)?
0
Let t be 1*(1 + -4) - -13. Suppose 9*i - t*i - 5*u + 101 = 0, -5*i - 4*u = -610. What is the tens digit of i?
2
Let w = 14643 + -7283. What is the units digit of w?
0
What is the thousands digit of ((-448)/208)/(-14) - 41494/(-13)?
3
Let a = -167 + 280. What is the hundreds digit of (-14 + 15)/(1/a)?
1
Let g = 1743 + -1049. Suppose -q + 352 = 4*b, 0*q = 2*q - 2*b - g. What is the hundreds digit of q?
3
Suppose -66 = -7*f - 38. Suppose 5*u + 811 = f*o + 88, -4*u = -20. What is the units digit of o?
7
Suppose 56 = -3*o - 67. Let y = -39 - o. What is the units digit of y + (59 - 3) - -3?
1
What is the units digit of 5072 + ((-3)/(18/(-42)) - 8)?
1
Let w = -322 + 53. Let h = 423 + w. What is the tens digit of h?
5
Let t = 8379 + 2703. What is the units digit of t?
2
Let v be 142*(-2 + 1)*2. Let w be 1/6 - v/24. Let d(r) = -r**3 + 12*r**2 + 14*r - 38. What is the hundreds digit of d(w)?
1
Let h = -33 - -47. Suppose -h + 1 = -r. Suppose -5*b + r = -2*l - 0*l, 0 = -2*b + 10. What is the units digit of l?
6
Suppose 96 = -3*d + 96. Suppose q - 81 = -3*f + 44, f = d. What is the tens digit of q?
2
Let i(m) = 23*m**2 - 133*m + 1050. What is the thousands digit of i(54)?
0
Let n(a) = -2*a + 17. Let x be n(5). Suppose 413 = 6*m + 71. Suppose -895 = -x*w + m. What is the tens digit of w?
3
Suppose 49 = 2*n + 41. Let i be (-2)/(8/(-12)) + 83. Suppose -2*a + n*v = -160, -i = -a - v - 3*v. What is the units digit of a?
2
Suppose 3*y - 5*o - 26894 = 0, o - 8988 = -y + 6*o. What is the tens digit of y?
5
Let d = 2657 + 645. What is the thousands digit of d?
3
Suppose 0 = -q - 5*s + 5145, 5*q - 3*s - 16304 - 9533 = 0. What is the hundreds digit of q?
1
Let l = 7226 - -14743. What is the units digit of l?
9
Suppose 5*r - 6905 = -5*u + 8*u, 2*u - 5546 = -4*r. What is the tens digit of r?
8
Let x be 176/6 - (-8)/12. Suppose -44*o + 2494 = -15*o. Suppose -x*n + o = -29*n. What is the tens digit of n?
8
Suppose 10296 = s + 4*k - 3178, -3*s - 4*k + 40414 = 0. What is the thousands digit of s?
3
Let b(o) = 127 + o**2 + 135 - 239 + 17*o. Let k = 41 - 62. What is the units digit of b(k)?
7
Let d = 92 + -116. Let a be ((-184)/d)/((-2)/(-72)). Let n = 408 - a. What is the hundreds digit of n?
1
Let x be (-4)/(-14) + 160/(-70). Let q be (-14 + 20)*(-73)/x. Suppose -7*i = -1143 + q. What is the tens digit of i?
3
Let p(g) = -112*g + 9. Let y be p(-8). Let x = -528 + y. What is the hundreds digit of x?
3
Let h be -7 + 46 - (7 + -3)/4. Suppose 251 = h*s - 6627. What is the units digit of s?
1
Let b = 11371 - 5984. What is the hundreds digit of b?
3
Suppose 0*l = -3*l - 3, -l = -i - 71. Let d = -214 - i. Let o = 67 - d. What is the hundreds digit of o?
2
Suppose -57*r + 60*r + 2694 = 0. Let z = 1591 + r. What is the units digit of z?
3
Suppose 235*m - 211777 = -9442. What is the units digit of m?
1
Suppose 2008 = 3*u - u + 3*j, 0 = u + j - 1004. Suppose -3*h + 2*h - 2*t = -u, 0 = -4*t - 20. What is the tens digit of h?
1
Let n(q) = 1883*q - 2395. What is the units digit of n(2)?
1
Let m(a) = 1. Let x(g) = -14*g - 4. Let w(h) = -4*m(h) - 2*x(h). Suppose -4*p + n + 9 = 0, -14 = p - 3*n + 6*n. What is the units digit of w(p)?
2
Let j(x) = 44*x + 1. Let d be j(1). Let k be 1 + 0 - 3 - (-87 - d). Suppose -2*g - 199 = -3*l - 3*g, -k = -2*l - 2*g. What is the tens digit of l?
6
Let u be (2/4)/((-214)/36 + 6). Let t(o) = o**3 - 5*o**2 + 3*o - 33. What is the tens digit of t(u)?
1
Suppose 0 = -6*t + 40*t - 34170. Suppose 5*b = -2*l + 764, -t = -5*b + 2*l - 249. What is the tens digit of b?
5
Let c(u) = -256*u - 9. Let w be c(-4). Let i = -1554 + w. What is the units digit of i/(-35) - 4/10?
5
Let w = 6567 + -2138. Suppose -l + 1114 = -3*s, -35*l - 3*s - w = -39*l. What is the hundreds digit of l?
1
Let w(s) be the second derivative of -s**5/20 - 5*s**4/2 + 25*s**3/6 + 49*s**2/2 + 5*s + 6. What is the units digit of w(-31)?
5
Let q = 126 + -84. Let h = 42 - q. Suppose 3*l - 2*z - 15 - 2 = h, z - 14 = -l. What is the units digit of l?
9
Let v be 18/99 + (-160838)/(-22). Suppose 47*z - v - 34707 = 0. What is the units digit of z?
4
Let y be -45 - 3/(9/12). Let h = 73 - 44. Let j = h - y. What is the tens digit of j?
7
Let v(z) = z**3 + 83*z**2 + 64*z - 1337. What is the thousands digit of v(-81)?
6
Suppose 5*n - 15 = z, 5*n + z = -2*z + 15. What is the hundreds digit of (-2)/(n*3580/3585 + -3)?
4
Let m(n) = -2*n**3 - 21*n**2 - 10*n + 7. Let u be m(-10). Suppose -17*h + 370 = -u*h. What is the units digit of h?
7
Suppose 4*g + g - 3890 = 0. Let y = g + -445. Let v = 501 - y. What is the units digit of v?
8
Suppose -48*f = -47*f + 5*m - 12343, 4*m = -f + 12338. What is the hundreds digit of f?
3
Let r be (2 + 1)/((2 - -1) + 0). Suppose -4 = -d + r. Suppose -2*j + 3*b = -45, 4*j + 2*b = d*b + 105. What is the tens digit of j?
3
Let o(d) = -1161*d - 751. What is the tens digit of o(-4)?
9
Let d = -9784 - -14833. What is the hundreds digit of d?
0
Let j(s) = 0 + 2 + 23*s**2 + 3*s**3 + 46*s - 4*s**3 - 10*s**2. What is the hundreds digit of j(-7)?
6
Let l(h) = -2*h**3 + 15*h**2 - 18*h + 3. Let a be l(6). Let p be (a + -2)/